hat is the value of (7 - 13) + 12 - 9?
-3
Calculate -6 + 7 + -2 - (7 - 10).
2
What is the value of -2 + -16 + (-3 - -15)?
-6
Evaluate -9 + (-5 + 5 - -1) + 1 + 2.
-5
Calculate 2 - (-3 - -6) - (-53 + 53).
-1
Evaluate (-5 - -2 - (-1 - 0)) + -5 - -19.
12
Evaluate -7 + (4 + 8 + -2 - 6) - -27.
24
What is 7 - 8 - (4 - (4 + 2)) - 11?
-10
0 + 17 - (131 - 124) - 13
-3
6 - ((-1 + 0 - 4) + 8 - 3)
6
Evaluate 7 - (-31 - (6 + (6 - 7) + -12)).
31
Calculate 11 + -1 - (91 + -86).
5
What is -13 - -1 - (153 + -178)?
13
Calculate 3 - (-5 - -3) - (26 + 29 + -46).
-4
What is (-2 + 1 - -4) + 4 + (-179 - -163)?
-9
What is (-2 - -8) + 3 - (-5 - -11)?
3
Calculate (-11 - -4) + 1 + -4 + (-2 - -2).
-10
Evaluate 6 + 18 + -1 + (57 - 98).
-18
What is 593 + -566 + 1 + -24?
4
What is -13 + 14 + -7 + (-2 + 2 - -2)?
-4
What is the value of (1 - (0 + -6 + (37 - 37))) + 8?
15
Calculate -1 + (-4 - -3) + 8 + 0 - -6.
12
What is the value of -21 - (-2 + -10 - -3)?
-12
Calculate -5 + (21 - 32) - (2 - 2).
-16
What is the value of 7 + (5 - (-5 - (-7 - (0 + -5))))?
15
What is the value of -185 + 206 - (11 - 1)?
11
What is the value of (12 - -11 - -17) + -14 + -1?
25
Calculate -11 - -3 - (-11 - 0) - 10.
-7
What is the value of -2 + (2 - 3) + 24 + 10 + -10?
21
Calculate 4 + 16 + -6 + 5 + 29 + -35.
13
What is -24 + (38 + -15 - 37)?
-38
22 - 21 - -8 - 20
-11
Calculate (-366 - -371) + -6 + -2 - (1 - -1).
-5
What is the value of -1073 - -1046 - (-5 + (-5 - -2) + 1)?
-20
What is -2 + 36 + (250 - 311)?
-27
-8 + 1 + (34 - 8) + -15
4
Evaluate 1 + 1 + -13 - (18 - (-11 - -27)).
-13
2 + -59 + 22 + 26
-9
What is the value of 24 + -34 + -13 + 49?
26
What is the value of 7 - ((24 - 11) + -3 + 0 + -4)?
1
Calculate -3 + -2 - ((4 - 12) + 5 + 8).
-10
What is the value of -20 + (0 + 9 - (-41 - -42))?
-12
-18 + -4 + -73 + 107
12
Calculate 11 + -4 + -6 + 4.
5
What is the value of (7 - (-1 - -4)) + 0 + -2 - -2?
4
What is the value of 7 + (1 - (-11 + 9)) - -5?
15
7 - (-8 + -1 + 7 + 5 + -2)
6
Calculate 4 - 5 - (11 - (3 - -6)).
-3
Evaluate 8 + 21 + -8 + -6.
15
Calculate 4 - 1 - (-16 + 19 - 0) - -6.
6
Calculate (1 + -8 + 10 + 8 - -2) + -4.
9
Calculate 2 - (23 - (7 + -3 + 7) - 45).
35
What is the value of -9 + 15 + -5 + -2?
-1
What is the value of 34 + -35 - (0 + 5)?
-6
Calculate 26 + -24 - ((-43 - (-6 + 1)) + 4).
36
Calculate (-15 - (13 - 19)) + 25.
16
Evaluate 14 - (-9 - -15) - (4 + 16).
-12
What is (27 - 18) + -9 + 17?
17
Evaluate (0 - -6) + 42 + -57.
-9
What is 4 + (19 - (10 + 12))?
1
Calculate -12 + ((-12 - (4 + -10)) + 11 - 4).
-11
Evaluate 38 + 4 + (-28 - -9).
23
Calculate 4 - (29 + -3) - (8 + (7 - 16)).
-21
Calculate -3 + 1 - (-28 + 31) - -22.
17
Evaluate 17 + (-8 - 0) + -8 + -3 + 28.
26
Calculate 28 - ((-2 - -15) + 2).
13
What is the value of -68 - -60 - (-11 - (-1 + 4 - 2))?
4
What is the value of (-22 - -15) + -22 + 20?
-9
Calculate -3 + -1 + -7 + 41 + -18 + -11.
1
56 + -41 + (-13 - 4)
-2
What is the value of 3 + (-25 - -17) + -26?
-31
What is (-75 + 67 - (-6 + -1) - 9) + 27?
17
What is the value of (7 - 3) + -52 + 55?
7
What is 3 + -12 + -65 + 91 + -45?
-28
What is (4 - -1) + (138 - 148 - (-5 - -1))?
-1
What is the value of 9 + (10 - 18) - -7?
8
Evaluate (24 - 0) + (9 - 16) + -5.
12
Calculate -17 + -2 - (3 + -1 - (-3 + 12)).
-12
Calculate -886 + 880 + (1 - -2).
-3
Calculate -35 - -43 - ((1 - -11) + -3).
-1
What is (1 - (1 - -2)) + 123 + -133?
-12
What is 11 - ((23 - 2) + 1)?
-11
What is the value of 12 + -2 + -7 + -7?
-4
Evaluate 13 + -7 + (-16 - -3) + -15.
-22
218 - 237 - (1 + -53)
33
What is the value of 13 + 1 - (20 + -63 + 50)?
7
(0 - -6 - (0 + (-1 - -7))) + -13
-13
(-5 - 27 - -38) + 6
12
Calculate (20 + -9 - (-24 - 0)) + -16.
19
What is (27 - (61 - 19)) + (1 - 5)?
-19
4 - (-5 + (-6 - (-15 + 7)))
7
Evaluate 4 - ((-8 - (-36 - -19)) + -7).
2
What is 20 + 0 + 0 + (-6 + 10 - 1)?
23
Calculate (3 - (2 - -7) - 4) + 7.
-3
8 - -1 - (9 + -12 + 28)
-16
Calculate -17 - (-14 - (-34 + 24)).
-13
Calculate (0 - -16) + (6 - 14).
8
1 + -3 - (8 + -3)
-7
-4 + (4 - 8 - 6) + -1
-15
Calculate 6 + (-4 + 4 - 4) - -2.
4
What is (-3 - 7 - -22) + -20?
-8
3 + 14 + -7 + -10 + 6
6
Evaluate -3 + -1 + (23 - 47 - (-16 - 0)).
-12
What is the value of 52 + -69 + (-2 - (3 - 2)) + 3?
-17
-1 + -2 + 11 + 1 + (-186 - -181)
4
Evaluate -15 - ((-1 - -3) + 11 + -30).
2
Evaluate -17 - (14 - 4 - 28).
1
What is the value of -17 - ((-1 - 4) + (-19 - -63 - 43))?
-13
Calculate 54 + -31 + (-3 - 8) + -15.
-3
What is 0 - 14 - (19 - 32)?
-1
What is 29 - (-18 + -2 - -37) - -2?
14
Evaluate -4 + 27 + -50 + 38 + (0 - 32).
-21
What is the value of 2 + -34 - 1 - (137 + -53 + -86)?
-31
Calculate -14 + (-3 + (-5 - -3) - (6 + -10)).
-15
(-10 + 6 - -13) + -22
-13
What is the value of (55 - 47) + -25 + 5?
-12
Calculate -29 - (-20 - 0) - 4 - 13.
-26
Evaluate 29 + -30 - (-3 + (0 - (3 + -3))).
2
Evaluate -552 + 550 - (-4 - 2).
4
Evaluate (-18 + 1 - (-1 - (5 - -1))) + -2.
-12
What is (4 + -10 + (13 - 2) - -2) + 3?
10
Calculate 15 - (4 + -1 - -4 - 24).
32
What is (-2 + 5 - 0 - 2) + -72 + 70?
-1
-16 + (3 - 6 - (33 + -35))
-17
What is the value of 2 + 0 + -3 + (-38 - -36)?
-3
Evaluate 169 + -145 + 5 + -39.
-10
Calculate 9 + -12 + (18 - 7).
8
What is -32 - (-5 + -24 + 13)?
-16
What is 10 + (-9 + -17 - 11)?
-27
What is (-14 - -16 - (-3 + 1) - 7) + -2?
-5
What is -3 - (-1 + (-12 - -7)) - -9?
12
What is the value of 2 + -5 + 5 + 11?
13
What is (24 - 7) + 116 + -162?
-29
Calculate -1 - (40 - 41) - -5.
5
What is -42 - (-19 - (12 + -9 + -11))?
-31
Evaluate (40 - -8) + -66 + 1 + -1.
-18
(-1 - (6 + -20)) + -30
-17
Calculate -18 - (5 - (-2 - -6) - 10).
-9
What is (10 - (8 - 1)) + 5 + 0?
8
What is 1 + -1 + 1 + (-31 - -24) - -38?
32
What is -512 + 500 - (-2 + 0 + -11)?
1
What is 7 + 1 + (-2 - 11) - 4?
-9
What is -1 + (-7 + 6 - -6) + (-13 - 0)?
-9
Calculate -21 + 37 - (-1 + 10).
7
What is 3 + -1 + (0 - (7 - 0)) + -3?
-8
24 + (38 - 20) + -53
-11
Calculate 12 + (14 - (31 - 10)) - (7 + 1).
-3
What is (6 + 1 - (-8 - -8)) + -19?
-12
What is the value of 55 + -50 + (-2 - -1) - 1?
3
Calculate -10 + 3 + 4 + 5 + 0 + 6.
8
Evaluate -6 - (4 - (0 + 6 + 45 + -5)).
36
What is (-13 - (-20 - -3)) + -2 + -2 + 11?
11
Evaluate -11 + (-2 + (5 - -8) + -8 - 0).
-8
What is 23 + (-22 + -3 - -24)?
22
Calculate (-4 - (9 + -32)) + -15.
4
Evaluate -43 + (101 - 11) + -21.
26
What is 0 + -5 + 20 + -18 + -9 + -2?
-14
Evaluate 0 + 5 + -9 + 0.
-4
Calculate (6 - 2) + -4 + (-23 - -20) + 8.
5
12 - ((3 - 7) + 9) - 11
-4
Evaluate (26 - 11) + -21 - (-4 + -1).
-1
Calculate -1 - (47 - 28 - 18).
-2
Calculate (4 - (-3 - -7) - (0 + -1)) + -6.
-5
What is -1 + 8 + -16 + 8 + -15 - 8?
-24
Evaluate (-14 - -28) + 5 + -2 + -2 + 6.
21
Calculate 7 + (4 - -12 - -7) + -8.
22
Calculate -4 + (-36 + 13 - -11) + (0 - -1).
-15
What is 20 + -15 + -12 + 13?
6
What is the value of -44 - (-51 + (-2 - 5))?
14
47 + -4 + 7 + -9 + 6 + -14
33
5 - (36 + -51 - (-4 - -1))
17
Evaluate 5 + -1 + (-1 - -14) - 4.
13
What is the value of -17 - (-7 + 2 + -12)?
0
Calculate -15 - (-16 - 2 - 7).
10
Evaluate -498 - -481 - ((-27 - -1) + -1).
10
Calculate 23 + (2 - 48 - -11).
-12
What is 4 - (7 + 2 - (-26 - -25))?
-6
8 - (-2 - -1 - (38 - 60))
-13
Calculate (17 - 2) + (-28 - -26).
13
1 - (11 - (52 - 19))
23
What is -38 + -1 + (1153 - 1080)?
34
Calculate -6 + (12 - 13) + 2 + 20.
15
Evaluate 1 - 6 - (7 + -10 - (-10 - -3)).
-9
Evaluate 6 + -15 + -2 + -11 + 29 + -21.
-14
What is the value of 9 + -11 + -13 - (2 - (9 - 2))?
-10
What is (9 - (7 - 2)) + (1 - -3) + -23?
-15
5 - (-4 + 6) - (-33 - -6)
30
10 - ((8 - 3) + (4 - -3)) - -24
22
Evaluate (-6 - 0 - -46) + (29 - 43).
26
What is the value of (-3 + 3 - (1 - 1)) + (-2029 - -2004)?
-25
-1 + 4 + -44 + 49
8
-1 + 2 + (9 - 8) + 8 - -5
15
Calculate (30 - (3 - 2)) + 154 + -168.
15
What is 6 + 2 - ((0 - -15) + 0)?
-7
Calculate -4 + 4 + 3 + 5 + -5 + -1.
2
Evaluate 4 + (-48 - -14) + 11.
-19
Calculate 31 - ((8 - -26) + -8).
5
Calculate -1 - (22 + -11 + (8 - 32)).
12
35 + 17 + 3 + -26
29
What is the value of 2 - (2 - 17) - 1?
16
What is (6 - -1) + 0 - (1 + 19)?
-13
What is the value of -15 - (0 - (12 - 8)) - -27?
16
Evaluate 5 - (-9 + 9) - (-8 - -21).
-8
What is the value of 10 + 3 + (8 - 18) + 1 + -4?
0
What is -5 + -1 + 2 - (-7 + 1)?
2
What is the value of 292 + -294 + (-1 + 0 - 8) - 1?
-12
What is the value of -9 + 47 + 9 + -4 + -1